{"id":14,"date":"2026-04-15T18:36:11","date_gmt":"2026-04-15T16:36:11","guid":{"rendered":"https:\/\/wordpress.home.xyz\/?page_id=14"},"modified":"2026-04-15T18:47:03","modified_gmt":"2026-04-15T16:47:03","slug":"chi-siamo","status":"publish","type":"page","link":"https:\/\/wordpress.thenull.xyz\/?page_id=14","title":{"rendered":"Chi Siamo"},"content":{"rendered":"\n<div class=\"wp-block-cover alignfull is-light has-contrast-color has-text-color has-link-color wp-elements-05671840400e7f60c4fa8283f7548346\" style=\"margin-top:0;margin-bottom:0;padding-top:var(--wp--preset--spacing--60);padding-right:var(--wp--preset--spacing--50);padding-bottom:var(--wp--preset--spacing--60);padding-left:var(--wp--preset--spacing--50)\"><span aria-hidden=\"true\" class=\"wp-block-cover__background has-base-background-color has-background-dim-100 has-background-dim\"><\/span><div class=\"wp-block-cover__inner-container has-global-padding is-layout-constrained wp-container-core-cover-is-layout-873ee6b1 wp-block-cover-is-layout-constrained\">\n<div class=\"wp-block-columns alignwide is-layout-flex wp-container-core-columns-is-layout-7ee84d44 wp-block-columns-is-layout-flex\">\n<div class=\"wp-block-column is-layout-flow wp-block-column-is-layout-flow\" style=\"flex-basis:65%\">\n<div class=\"wp-block-group is-vertical is-content-justification-stretch is-layout-flex wp-container-core-group-is-layout-353c4f5a wp-block-group-is-layout-flex\">\n<h2 class=\"wp-block-heading has-text-align-left\" style=\"font-size:clamp(3.037rem, 3.037rem + ((1vw - 0.2rem) * 4.648), 6rem);font-style:normal;font-weight:300;letter-spacing:-0.03em;line-height:1.4\">Benvenuti nel Clan : dove il vino \u00e8 casa<\/h2>\n\n\n\n<p class=\"is-style-text-subtitle is-style-text-subtitle--1\">Un tavolo, tanti calici, qualche bottiglia aperta e quella voglia inarrestabile di raccontare. <\/p>\n\n\n\n<p class=\"is-style-text-subtitle is-style-text-subtitle--2\">Il Clan del Vino nasce cos\u00ec: non dietro schemi predefiniti e freddi tecnicismi, ma dalla passione di un gruppo di amici convinti che il vino e l\u2019olio siano, prima di tutto, condivisione.<br><\/p>\n\n\n\n<p class=\"is-style-text-subtitle is-style-text-subtitle--3\">Chi Siamo? <\/p>\n\n\n\n<p class=\"is-style-text-subtitle is-style-text-subtitle--4\">Molto pi\u00f9 di un\u2019associazione Siamo un\u2019Associazione di Promozione Sociale con sede a Roma, ma con il cuore ovunque ci sia una<br>vigna da scoprire o una storia da ascoltare. Nel nostro Clan convivono anime diverse: ci sono i<br>Sommelier (del vino e dell&#8217;olio), i docenti e gli operatori del settore, ma ci sono soprattutto le<br>persone che sposano la nostra visione e il nostro spirito, ovvero chiunque abbia voglia di accostare<br>il naso a un calice senza il timore di non essere &#8220;abbastanza esperto&#8221;.<br>Siamo apolitici, senza scopo di lucro e aperti a tutti, perch\u00e9 crediamo che la cultura enogastronomica<br>sia un patrimonio che brilla di pi\u00f9 quando \u00e8 partecipato.<br><br><\/p>\n<\/div>\n<\/div>\n\n\n\n<div class=\"wp-block-column is-layout-flow wp-block-column-is-layout-flow\" style=\"flex-basis:35%\">\n<div class=\"wp-block-group is-vertical is-content-justification-stretch is-nowrap is-layout-flex wp-container-core-group-is-layout-73b0033c wp-block-group-is-layout-flex\">\n<figure class=\"wp-block-image size-full\"><img loading=\"lazy\" decoding=\"async\" width=\"275\" height=\"183\" src=\"https:\/\/wordpress.home.xyz\/wp-content\/uploads\/2026\/04\/vigna-cdv.jpg\" alt=\"\" class=\"wp-image-17\" style=\"aspect-ratio:3\/4;object-fit:cover\"\/><\/figure>\n\n\n\n<p class=\"has-text-align-right has-x-large-font-size\" style=\"line-height:1.2\"><a href=\"#\">Instagram<\/a><br><a href=\"#\">LinkedIn<\/a><br><a href=\"#\">Now<\/a><\/p>\n<\/div>\n<\/div>\n<\/div>\n<\/div><\/div>\n","protected":false},"excerpt":{"rendered":"","protected":false},"author":1,"featured_media":0,"parent":0,"menu_order":0,"comment_status":"closed","ping_status":"closed","template":"","meta":{"pmpro_default_level":"","footnotes":""},"class_list":["post-14","page","type-page","status-publish","hentry","pmpro-has-access"],"_links":{"self":[{"href":"https:\/\/wordpress.thenull.xyz\/index.php?rest_route=\/wp\/v2\/pages\/14","targetHints":{"allow":["GET"]}}],"collection":[{"href":"https:\/\/wordpress.thenull.xyz\/index.php?rest_route=\/wp\/v2\/pages"}],"about":[{"href":"https:\/\/wordpress.thenull.xyz\/index.php?rest_route=\/wp\/v2\/types\/page"}],"author":[{"embeddable":true,"href":"https:\/\/wordpress.thenull.xyz\/index.php?rest_route=\/wp\/v2\/users\/1"}],"replies":[{"embeddable":true,"href":"https:\/\/wordpress.thenull.xyz\/index.php?rest_route=%2Fwp%2Fv2%2Fcomments&post=14"}],"version-history":[{"count":2,"href":"https:\/\/wordpress.thenull.xyz\/index.php?rest_route=\/wp\/v2\/pages\/14\/revisions"}],"predecessor-version":[{"id":18,"href":"https:\/\/wordpress.thenull.xyz\/index.php?rest_route=\/wp\/v2\/pages\/14\/revisions\/18"}],"wp:attachment":[{"href":"https:\/\/wordpress.thenull.xyz\/index.php?rest_route=%2Fwp%2Fv2%2Fmedia&parent=14"}],"curies":[{"name":"wp","href":"https:\/\/api.w.org\/{rel}","templated":true}]}}

<div class="wp-block-cover alignfull is-light has-contrast-color has-text-color has-link-color wp-elements-05671840400e7f60c4fa8283f7548346" style="margin-top:0;margin-bottom:0;padding-top:var(--wp--preset--spacing--60);padding-right:var(--wp--preset--spacing--50);padding-bottom:var(--wp--preset--spacing--60);padding-left:var(--wp--preset--spacing--50)"><span aria-hidden="true" class="wp-block-cover__background has-base-background-color has-background-dim-100 has-background-dim"></span><div class="wp-block-cover__inner-container has-global-padding is-layout-constrained wp-container-core-cover-is-layout-873ee6b1 wp-block-cover-is-layout-constrained">
<div class="wp-block-columns alignwide is-layout-flex wp-container-core-columns-is-layout-7ee84d44 wp-block-columns-is-layout-flex">
<div class="wp-block-column is-layout-flow wp-block-column-is-layout-flow" style="flex-basis:65%">
<div class="wp-block-group is-vertical is-content-justification-stretch is-layout-flex wp-container-core-group-is-layout-353c4f5a wp-block-group-is-layout-flex">
<h2 class="wp-block-heading has-text-align-left" style="font-size:clamp(3.037rem, 3.037rem + ((1vw - 0.2rem) * 4.648), 6rem);font-style:normal;font-weight:300;letter-spacing:-0.03em;line-height:1.4">Benvenuti nel Clan : dove il vino è casa</h2>



<p class="is-style-text-subtitle is-style-text-subtitle--1">Un tavolo, tanti calici, qualche bottiglia aperta e quella voglia inarrestabile di raccontare. </p>



<p class="is-style-text-subtitle is-style-text-subtitle--2">Il Clan del Vino nasce così: non dietro schemi predefiniti e freddi tecnicismi, ma dalla passione di un gruppo di amici convinti che il vino e l’olio siano, prima di tutto, condivisione.<br></p>



<p class="is-style-text-subtitle is-style-text-subtitle--3">Chi Siamo? </p>



<p class="is-style-text-subtitle is-style-text-subtitle--4">Molto più di un’associazione Siamo un’Associazione di Promozione Sociale con sede a Roma, ma con il cuore ovunque ci sia una<br>vigna da scoprire o una storia da ascoltare. Nel nostro Clan convivono anime diverse: ci sono i<br>Sommelier (del vino e dell&#8217;olio), i docenti e gli operatori del settore, ma ci sono soprattutto le<br>persone che sposano la nostra visione e il nostro spirito, ovvero chiunque abbia voglia di accostare<br>il naso a un calice senza il timore di non essere &#8220;abbastanza esperto&#8221;.<br>Siamo apolitici, senza scopo di lucro e aperti a tutti, perché crediamo che la cultura enogastronomica<br>sia un patrimonio che brilla di più quando è partecipato.<br><br></p>
</div>
</div>



<div class="wp-block-column is-layout-flow wp-block-column-is-layout-flow" style="flex-basis:35%">
<div class="wp-block-group is-vertical is-content-justification-stretch is-nowrap is-layout-flex wp-container-core-group-is-layout-73b0033c wp-block-group-is-layout-flex">
<figure class="wp-block-image size-full"><img loading="lazy" decoding="async" width="275" height="183" src="https://wordpress.home.xyz/wp-content/uploads/2026/04/vigna-cdv.jpg" alt="" class="wp-image-17" style="aspect-ratio:3/4;object-fit:cover"/></figure>



<p class="has-text-align-right has-x-large-font-size" style="line-height:1.2"><a href="#">Instagram</a><br><a href="#">LinkedIn</a><br><a href="#">Now</a></p>
</div>
</div>
</div>
</div></div>
